{"id":1333,"date":"2025-09-28T17:14:33","date_gmt":"2025-09-28T17:14:33","guid":{"rendered":"https:\/\/nvocodesa.simamex.com\/?page_id=1333"},"modified":"2025-09-28T17:24:44","modified_gmt":"2025-09-28T17:24:44","slug":"seguridad-industrial","status":"publish","type":"page","link":"https:\/\/nvocodesa.simamex.com\/index.php\/seguridad-industrial\/","title":{"rendered":"Seguridad industrial"},"content":{"rendered":"\t\t<div data-elementor-type=\"wp-page\" data-elementor-id=\"1333\" class=\"elementor elementor-1333\">\n\t\t\t\t<div class=\"elementor-element elementor-element-4633d18 e-flex e-con-boxed e-con e-parent\" data-id=\"4633d18\" data-element_type=\"container\" data-settings=\"{&quot;background_background&quot;:&quot;classic&quot;}\">\n\t\t\t\t\t<div class=\"e-con-inner\">\n\t\t<div class=\"elementor-element elementor-element-bb217cd e-con-full e-flex e-con e-child\" data-id=\"bb217cd\" data-element_type=\"container\" data-settings=\"{&quot;background_background&quot;:&quot;classic&quot;}\">\n\t\t\t\t<div class=\"elementor-element elementor-element-9a97e69 elementor-widget elementor-widget-text-editor\" data-id=\"9a97e69\" data-element_type=\"widget\" data-widget_type=\"text-editor.default\">\n\t\t\t\t\t\t\t\t\t<p style=\"text-align: center;\"><strong>SEGURIDAD INDUSTRIAL<\/strong><\/p>\t\t\t\t\t\t\t\t<\/div>\n\t\t\t\t<div class=\"elementor-element elementor-element-b650378 elementor-widget elementor-widget-text-editor\" data-id=\"b650378\" data-element_type=\"widget\" data-widget_type=\"text-editor.default\">\n\t\t\t\t\t\t\t\t\t<p style=\"text-align: JUSTIFY;\">Brindamos asesor\u00eda t\u00e9cnica para el cumplimiento de normativas en seguridad y salud en el trabajo, garantizando espacios laborales seguros y adecuados. Dise\u00f1amos programas para la prevenci\u00f3n de accidentes, evaluaci\u00f3n de riesgos en instalaciones, manejo de materiales peligrosos y control de emergencias. Adem\u00e1s, capacitamos a los equipos en pr\u00e1cticas de seguridad industrial efectivas, promoviendo una cultura de protecci\u00f3n y bienestar laboral.<\/p>\t\t\t\t\t\t\t\t<\/div>\n\t\t\t\t<div class=\"elementor-element elementor-element-e311845 elementor-widget elementor-widget-image\" data-id=\"e311845\" data-element_type=\"widget\" data-widget_type=\"image.default\">\n\t\t\t\t\t\t\t\t\t\t\t\t\t\t\t<img fetchpriority=\"high\" decoding=\"async\" width=\"536\" height=\"357\" src=\"https:\/\/nvocodesa.simamex.com\/wp-content\/uploads\/2025\/09\/seguridad_industrial.png\" class=\"attachment-large size-large wp-image-1338\" alt=\"\" srcset=\"https:\/\/nvocodesa.simamex.com\/wp-content\/uploads\/2025\/09\/seguridad_industrial.png 536w, https:\/\/nvocodesa.simamex.com\/wp-content\/uploads\/2025\/09\/seguridad_industrial-300x200.png 300w, https:\/\/nvocodesa.simamex.com\/wp-content\/uploads\/2025\/09\/seguridad_industrial-230x153.png 230w, https:\/\/nvocodesa.simamex.com\/wp-content\/uploads\/2025\/09\/seguridad_industrial-350x233.png 350w, https:\/\/nvocodesa.simamex.com\/wp-content\/uploads\/2025\/09\/seguridad_industrial-480x320.png 480w\" sizes=\"(max-width: 536px) 100vw, 536px\" \/>\t\t\t\t\t\t\t\t\t\t\t\t\t\t\t<\/div>\n\t\t\t\t<\/div>\n\t\t<div class=\"elementor-element elementor-element-428836c e-con-full e-flex e-con e-child\" data-id=\"428836c\" data-element_type=\"container\" data-settings=\"{&quot;background_background&quot;:&quot;classic&quot;}\">\n\t\t\t\t<div class=\"elementor-element elementor-element-679f805 elementor-widget elementor-widget-image\" data-id=\"679f805\" data-element_type=\"widget\" data-widget_type=\"image.default\">\n\t\t\t\t\t\t\t\t\t\t\t\t\t\t\t<img decoding=\"async\" width=\"400\" height=\"669\" src=\"https:\/\/nvocodesa.simamex.com\/wp-content\/uploads\/2025\/09\/Seg_Industrial.jpg\" class=\"attachment-large size-large wp-image-1336\" alt=\"\" srcset=\"https:\/\/nvocodesa.simamex.com\/wp-content\/uploads\/2025\/09\/Seg_Industrial.jpg 400w, https:\/\/nvocodesa.simamex.com\/wp-content\/uploads\/2025\/09\/Seg_Industrial-179x300.jpg 179w, https:\/\/nvocodesa.simamex.com\/wp-content\/uploads\/2025\/09\/Seg_Industrial-230x385.jpg 230w, https:\/\/nvocodesa.simamex.com\/wp-content\/uploads\/2025\/09\/Seg_Industrial-350x585.jpg 350w\" sizes=\"(max-width: 400px) 100vw, 400px\" \/>\t\t\t\t\t\t\t\t\t\t\t\t\t\t\t<\/div>\n\t\t\t\t<\/div>\n\t\t\t\t\t<\/div>\n\t\t\t\t<\/div>\n\t\t\t\t<\/div>\n\t\t","protected":false},"excerpt":{"rendered":"<p>SEGURIDAD INDUSTRIAL Brindamos asesor\u00eda t\u00e9cnica para el cumplimiento de normativas en seguridad y salud en el trabajo, garantizando espacios laborales seguros y [&hellip;]<\/p>\n","protected":false},"author":1,"featured_media":1338,"parent":0,"menu_order":0,"comment_status":"closed","ping_status":"closed","template":"","meta":{"episode_type":"","audio_file":"","cover_image":"","cover_image_id":"","duration":"","filesize":"","date_recorded":"","explicit":"","block":"","itunes_episode_number":"","itunes_title":"","itunes_season_number":"","itunes_episode_type":"","filesize_raw":"","_kadence_starter_templates_imported_post":false,"footnotes":""},"class_list":["post-1333","page","type-page","status-publish","has-post-thumbnail","hentry"],"_links":{"self":[{"href":"https:\/\/nvocodesa.simamex.com\/index.php\/wp-json\/wp\/v2\/pages\/1333","targetHints":{"allow":["GET"]}}],"collection":[{"href":"https:\/\/nvocodesa.simamex.com\/index.php\/wp-json\/wp\/v2\/pages"}],"about":[{"href":"https:\/\/nvocodesa.simamex.com\/index.php\/wp-json\/wp\/v2\/types\/page"}],"author":[{"embeddable":true,"href":"https:\/\/nvocodesa.simamex.com\/index.php\/wp-json\/wp\/v2\/users\/1"}],"replies":[{"embeddable":true,"href":"https:\/\/nvocodesa.simamex.com\/index.php\/wp-json\/wp\/v2\/comments?post=1333"}],"version-history":[{"count":5,"href":"https:\/\/nvocodesa.simamex.com\/index.php\/wp-json\/wp\/v2\/pages\/1333\/revisions"}],"predecessor-version":[{"id":1342,"href":"https:\/\/nvocodesa.simamex.com\/index.php\/wp-json\/wp\/v2\/pages\/1333\/revisions\/1342"}],"wp:featuredmedia":[{"embeddable":true,"href":"https:\/\/nvocodesa.simamex.com\/index.php\/wp-json\/wp\/v2\/media\/1338"}],"wp:attachment":[{"href":"https:\/\/nvocodesa.simamex.com\/index.php\/wp-json\/wp\/v2\/media?parent=1333"}],"curies":[{"name":"wp","href":"https:\/\/api.w.org\/{rel}","templated":true}]}}