{"id":1344,"date":"2025-09-28T17:30:18","date_gmt":"2025-09-28T17:30:18","guid":{"rendered":"https:\/\/nvocodesa.simamex.com\/?page_id=1344"},"modified":"2025-09-28T18:34:41","modified_gmt":"2025-09-28T18:34:41","slug":"prevencion-de-perdidas","status":"publish","type":"page","link":"https:\/\/nvocodesa.simamex.com\/index.php\/prevencion-de-perdidas\/","title":{"rendered":"Prevenci\u00f3n de P\u00e9rdidas"},"content":{"rendered":"\t\t<div data-elementor-type=\"wp-page\" data-elementor-id=\"1344\" class=\"elementor elementor-1344\">\n\t\t\t\t<div class=\"elementor-element elementor-element-4633d18 e-flex e-con-boxed e-con e-parent\" data-id=\"4633d18\" data-element_type=\"container\" data-settings=\"{&quot;background_background&quot;:&quot;classic&quot;}\">\n\t\t\t\t\t<div class=\"e-con-inner\">\n\t\t<div class=\"elementor-element elementor-element-428836c e-con-full e-flex e-con e-child\" data-id=\"428836c\" data-element_type=\"container\" data-settings=\"{&quot;background_background&quot;:&quot;classic&quot;}\">\n\t\t\t\t<div class=\"elementor-element elementor-element-679f805 elementor-widget elementor-widget-image\" data-id=\"679f805\" data-element_type=\"widget\" data-widget_type=\"image.default\">\n\t\t\t\t\t\t\t\t\t\t\t\t\t\t\t<img fetchpriority=\"high\" decoding=\"async\" width=\"768\" height=\"1152\" src=\"https:\/\/nvocodesa.simamex.com\/wp-content\/uploads\/2025\/09\/Control-vigilancia_ok-768x1152.jpeg\" class=\"attachment-medium_large size-medium_large wp-image-1351\" alt=\"\" srcset=\"https:\/\/nvocodesa.simamex.com\/wp-content\/uploads\/2025\/09\/Control-vigilancia_ok-768x1152.jpeg 768w, https:\/\/nvocodesa.simamex.com\/wp-content\/uploads\/2025\/09\/Control-vigilancia_ok-200x300.jpeg 200w, https:\/\/nvocodesa.simamex.com\/wp-content\/uploads\/2025\/09\/Control-vigilancia_ok-683x1024.jpeg 683w, https:\/\/nvocodesa.simamex.com\/wp-content\/uploads\/2025\/09\/Control-vigilancia_ok-1000x1500.jpeg 1000w, https:\/\/nvocodesa.simamex.com\/wp-content\/uploads\/2025\/09\/Control-vigilancia_ok-230x345.jpeg 230w, https:\/\/nvocodesa.simamex.com\/wp-content\/uploads\/2025\/09\/Control-vigilancia_ok-350x525.jpeg 350w, https:\/\/nvocodesa.simamex.com\/wp-content\/uploads\/2025\/09\/Control-vigilancia_ok-480x720.jpeg 480w, https:\/\/nvocodesa.simamex.com\/wp-content\/uploads\/2025\/09\/Control-vigilancia_ok.jpeg 1024w\" sizes=\"(max-width: 768px) 100vw, 768px\" \/>\t\t\t\t\t\t\t\t\t\t\t\t\t\t\t<\/div>\n\t\t\t\t<\/div>\n\t\t<div class=\"elementor-element elementor-element-bb217cd e-con-full e-flex e-con e-child\" data-id=\"bb217cd\" data-element_type=\"container\" data-settings=\"{&quot;background_background&quot;:&quot;classic&quot;}\">\n\t\t\t\t<div class=\"elementor-element elementor-element-9a97e69 elementor-widget elementor-widget-text-editor\" data-id=\"9a97e69\" data-element_type=\"widget\" data-widget_type=\"text-editor.default\">\n\t\t\t\t\t\t\t\t\t<p style=\"text-align: center;\"><strong>PREVENCI\u00d3N DE P\u00c9RDIDAS<\/strong><\/p>\t\t\t\t\t\t\t\t<\/div>\n\t\t\t\t<div class=\"elementor-element elementor-element-b650378 elementor-widget elementor-widget-text-editor\" data-id=\"b650378\" data-element_type=\"widget\" data-widget_type=\"text-editor.default\">\n\t\t\t\t\t\t\t\t\t<p style=\"text-align: JUSTIFY;\">Identificamos y mitigamos riesgos que afectan la rentabilidad de su empresa, como robos internos, fraudes, manejo ineficiente de inventarios y p\u00e9rdidas operativas. Realizamos auditor\u00edas, an\u00e1lisis de procesos y desarrollamos sistemas de control interno personalizados. Adem\u00e1s, ofrecemos capacitaci\u00f3n al personal para fomentar una cultura de prevenci\u00f3n y vigilancia.<\/p>\t\t\t\t\t\t\t\t<\/div>\n\t\t\t\t<div class=\"elementor-element elementor-element-35df256 elementor-widget elementor-widget-spacer\" data-id=\"35df256\" data-element_type=\"widget\" data-widget_type=\"spacer.default\">\n\t\t\t\t\t\t\t<div class=\"elementor-spacer\">\n\t\t\t<div class=\"elementor-spacer-inner\"><\/div>\n\t\t<\/div>\n\t\t\t\t\t\t<\/div>\n\t\t\t\t<div class=\"elementor-element elementor-element-e311845 elementor-widget elementor-widget-image\" data-id=\"e311845\" data-element_type=\"widget\" data-widget_type=\"image.default\">\n\t\t\t\t\t\t\t\t\t\t\t\t\t\t\t<img decoding=\"async\" width=\"536\" height=\"357\" src=\"https:\/\/nvocodesa.simamex.com\/wp-content\/uploads\/2025\/09\/prevencion-perdidas-fraude.png\" class=\"attachment-large size-large wp-image-1356\" alt=\"\" srcset=\"https:\/\/nvocodesa.simamex.com\/wp-content\/uploads\/2025\/09\/prevencion-perdidas-fraude.png 536w, https:\/\/nvocodesa.simamex.com\/wp-content\/uploads\/2025\/09\/prevencion-perdidas-fraude-300x200.png 300w, https:\/\/nvocodesa.simamex.com\/wp-content\/uploads\/2025\/09\/prevencion-perdidas-fraude-230x153.png 230w, https:\/\/nvocodesa.simamex.com\/wp-content\/uploads\/2025\/09\/prevencion-perdidas-fraude-350x233.png 350w, https:\/\/nvocodesa.simamex.com\/wp-content\/uploads\/2025\/09\/prevencion-perdidas-fraude-480x320.png 480w\" sizes=\"(max-width: 536px) 100vw, 536px\" \/>\t\t\t\t\t\t\t\t\t\t\t\t\t\t\t<\/div>\n\t\t\t\t<\/div>\n\t\t\t\t\t<\/div>\n\t\t\t\t<\/div>\n\t\t<div class=\"elementor-element elementor-element-bebdb1d e-flex e-con-boxed e-con e-parent\" data-id=\"bebdb1d\" data-element_type=\"container\">\n\t\t\t\t\t<div class=\"e-con-inner\">\n\t\t\t\t<div class=\"elementor-element elementor-element-baf1e52 elementor-widget-divider--view-line elementor-widget elementor-widget-divider\" data-id=\"baf1e52\" data-element_type=\"widget\" data-widget_type=\"divider.default\">\n\t\t\t\t\t\t\t<div class=\"elementor-divider\">\n\t\t\t<span class=\"elementor-divider-separator\">\n\t\t\t\t\t\t<\/span>\n\t\t<\/div>\n\t\t\t\t\t\t<\/div>\n\t\t\t\t\t<\/div>\n\t\t\t\t<\/div>\n\t\t\t\t<\/div>\n\t\t","protected":false},"excerpt":{"rendered":"<p>PREVENCI\u00d3N DE P\u00c9RDIDAS Identificamos y mitigamos riesgos que afectan la rentabilidad de su empresa, como robos internos, fraudes, manejo ineficiente de inventarios [&hellip;]<\/p>\n","protected":false},"author":1,"featured_media":1338,"parent":0,"menu_order":0,"comment_status":"closed","ping_status":"closed","template":"","meta":{"episode_type":"","audio_file":"","cover_image":"","cover_image_id":"","duration":"","filesize":"","date_recorded":"","explicit":"","block":"","itunes_episode_number":"","itunes_title":"","itunes_season_number":"","itunes_episode_type":"","filesize_raw":"","_kadence_starter_templates_imported_post":false,"footnotes":""},"class_list":["post-1344","page","type-page","status-publish","has-post-thumbnail","hentry"],"_links":{"self":[{"href":"https:\/\/nvocodesa.simamex.com\/index.php\/wp-json\/wp\/v2\/pages\/1344","targetHints":{"allow":["GET"]}}],"collection":[{"href":"https:\/\/nvocodesa.simamex.com\/index.php\/wp-json\/wp\/v2\/pages"}],"about":[{"href":"https:\/\/nvocodesa.simamex.com\/index.php\/wp-json\/wp\/v2\/types\/page"}],"author":[{"embeddable":true,"href":"https:\/\/nvocodesa.simamex.com\/index.php\/wp-json\/wp\/v2\/users\/1"}],"replies":[{"embeddable":true,"href":"https:\/\/nvocodesa.simamex.com\/index.php\/wp-json\/wp\/v2\/comments?post=1344"}],"version-history":[{"count":38,"href":"https:\/\/nvocodesa.simamex.com\/index.php\/wp-json\/wp\/v2\/pages\/1344\/revisions"}],"predecessor-version":[{"id":1388,"href":"https:\/\/nvocodesa.simamex.com\/index.php\/wp-json\/wp\/v2\/pages\/1344\/revisions\/1388"}],"wp:featuredmedia":[{"embeddable":true,"href":"https:\/\/nvocodesa.simamex.com\/index.php\/wp-json\/wp\/v2\/media\/1338"}],"wp:attachment":[{"href":"https:\/\/nvocodesa.simamex.com\/index.php\/wp-json\/wp\/v2\/media?parent=1344"}],"curies":[{"name":"wp","href":"https:\/\/api.w.org\/{rel}","templated":true}]}}