{"id":5,"date":"2020-01-13T11:17:52","date_gmt":"2020-01-13T11:17:52","guid":{"rendered":"https:\/\/demosites.io\/web-agency-gb\/?page_id=5"},"modified":"2025-09-28T00:45:40","modified_gmt":"2025-09-28T00:45:40","slug":"15c42-web-agency-gb-home","status":"publish","type":"page","link":"https:\/\/nvocodesa.simamex.com\/","title":{"rendered":"inicio"},"content":{"rendered":"\r\n<h3 class=\"wp-block-heading has-text-align-center has-text-color\" style=\"color: #0069a7;\">Bienvenidos a CODESA<br \/>Gesti\u00f3n de Riesgos<\/h3>\r\n\r\n\r\n\r\n<p class=\"has-text-align-center has-text-color\" style=\"color: #121212;\">Somos una firma constituida desde hace 20 a\u00f1os, especializada en la seguridad corporativa, prevenci\u00f3n de p\u00e9rdidas, seguridad industrial, protecci\u00f3n civil, cumplimiento penal corporativo.<\/p>\r\n\r\n\r\n\r\n<div class=\"wp-block-cover alignfull is-light\" style=\"min-height: 700px;aspect-ratio:unset;\"><img fetchpriority=\"high\" decoding=\"async\" class=\"wp-block-cover__image-background wp-image-985 size-full alignright\" style=\"object-position: 50% 64%;\" src=\"https:\/\/nvocodesa.simamex.com\/wp-content\/uploads\/2025\/09\/Portada_prop1_1.jpg\" alt=\"\" width=\"1280\" height=\"698\" data-object-fit=\"cover\" data-object-position=\"50% 64%\" srcset=\"https:\/\/nvocodesa.simamex.com\/wp-content\/uploads\/2025\/09\/Portada_prop1_1.jpg 1280w, https:\/\/nvocodesa.simamex.com\/wp-content\/uploads\/2025\/09\/Portada_prop1_1-300x164.jpg 300w, https:\/\/nvocodesa.simamex.com\/wp-content\/uploads\/2025\/09\/Portada_prop1_1-1024x558.jpg 1024w, https:\/\/nvocodesa.simamex.com\/wp-content\/uploads\/2025\/09\/Portada_prop1_1-768x419.jpg 768w, https:\/\/nvocodesa.simamex.com\/wp-content\/uploads\/2025\/09\/Portada_prop1_1-1000x545.jpg 1000w, https:\/\/nvocodesa.simamex.com\/wp-content\/uploads\/2025\/09\/Portada_prop1_1-230x125.jpg 230w, https:\/\/nvocodesa.simamex.com\/wp-content\/uploads\/2025\/09\/Portada_prop1_1-350x191.jpg 350w, https:\/\/nvocodesa.simamex.com\/wp-content\/uploads\/2025\/09\/Portada_prop1_1-480x262.jpg 480w\" sizes=\"(max-width: 1280px) 100vw, 1280px\" \/>\r\n<div class=\"wp-block-cover__inner-container is-layout-flow wp-block-cover-is-layout-flow\">\r\n<div class=\"wp-block-spacer\" style=\"height: 80px;\" aria-hidden=\"true\">\u00a0<\/div>\r\n\r\n\r\n\r\n<h1 class=\"wp-block-heading has-text-align-center has-text-color\" style=\"color: #121212;\">\u00a0<\/h1>\r\n\r\n\r\n\r\n<p class=\"has-text-align-center has-text-color\" style=\"color: #121212;\">\u00a0<\/p>\r\n\r\n\r\n\r\n<div class=\"wp-block-buttons is-horizontal is-content-justification-center is-layout-flex wp-container-core-buttons-is-layout-03627597 wp-block-buttons-is-layout-flex\">\r\n<div class=\"wp-block-button is-style-primary\"><a class=\"wp-block-button__link wp-element-button\" href=\"https:\/\/nvocodesa.simamex.com\/index.php\/seguridad-global\/\">Consultor\u00eda en seguridad global <\/a><\/div>\r\n\r\n\r\n\r\n<div class=\"wp-block-button is-style-secondary\"><a class=\"wp-block-button__link wp-element-button\" href=\"https:\/\/nvocodesa.simamex.com\/index.php\/proteccion-civil\/\">Protecci\u00f3n Civil<\/a><\/div>\r\n\r\n\r\n\r\n<div class=\"wp-block-button is-style-secondary\"><a class=\"wp-block-button__link wp-element-button\" href=\"https:\/\/nvocodesa.simamex.com\/index.php\/cumplimiento-marco-normativo-stps\/\">C. M. N. STPS<\/a><\/div>\r\n<\/div>\r\n\r\n\r\n\r\n<div class=\"wp-block-spacer\" style=\"height: 80px;\" aria-hidden=\"true\">\u00a0<\/div>\r\n\r\n\r\n\r\n<div class=\"wp-block-spacer\" style=\"height: 80px;\" aria-hidden=\"true\">\u00a0<\/div>\r\n<\/div>\r\n<\/div>\r\n<!-- \/wp:post-content -->\r\n\r\n<!-- wp:spacer {\"height\":\"80px\"} -->\r\n<div class=\"wp-block-spacer\" style=\"height: 80px;\" aria-hidden=\"true\">\u00a0<\/div>\r\n<!-- \/wp:spacer -->","protected":false},"excerpt":{"rendered":"<p>Bienvenidos a CODESAGesti\u00f3n de Riesgos Somos una firma constituida desde hace 20 a\u00f1os, especializada en la seguridad corporativa, prevenci\u00f3n de p\u00e9rdidas, seguridad [&hellip;]<\/p>\n","protected":false},"author":1,"featured_media":0,"parent":0,"menu_order":0,"comment_status":"closed","ping_status":"closed","template":"","meta":{"episode_type":"","audio_file":"","cover_image":"","cover_image_id":"","duration":"","filesize":"","date_recorded":"","explicit":"","block":"","itunes_episode_number":"","itunes_title":"","itunes_season_number":"","itunes_episode_type":"","filesize_raw":"","_kadence_starter_templates_imported_post":false,"footnotes":""},"class_list":["post-5","page","type-page","status-publish","hentry"],"_links":{"self":[{"href":"https:\/\/nvocodesa.simamex.com\/index.php\/wp-json\/wp\/v2\/pages\/5","targetHints":{"allow":["GET"]}}],"collection":[{"href":"https:\/\/nvocodesa.simamex.com\/index.php\/wp-json\/wp\/v2\/pages"}],"about":[{"href":"https:\/\/nvocodesa.simamex.com\/index.php\/wp-json\/wp\/v2\/types\/page"}],"author":[{"embeddable":true,"href":"https:\/\/nvocodesa.simamex.com\/index.php\/wp-json\/wp\/v2\/users\/1"}],"replies":[{"embeddable":true,"href":"https:\/\/nvocodesa.simamex.com\/index.php\/wp-json\/wp\/v2\/comments?post=5"}],"version-history":[{"count":46,"href":"https:\/\/nvocodesa.simamex.com\/index.php\/wp-json\/wp\/v2\/pages\/5\/revisions"}],"predecessor-version":[{"id":873,"href":"https:\/\/nvocodesa.simamex.com\/index.php\/wp-json\/wp\/v2\/pages\/5\/revisions\/873"}],"wp:attachment":[{"href":"https:\/\/nvocodesa.simamex.com\/index.php\/wp-json\/wp\/v2\/media?parent=5"}],"curies":[{"name":"wp","href":"https:\/\/api.w.org\/{rel}","templated":true}]}}